{"id":277,"date":"2025-09-24T23:20:43","date_gmt":"2025-09-24T23:20:43","guid":{"rendered":"https:\/\/eveilintime.fr\/?post_type=product&#038;p=277"},"modified":"2025-10-03T20:55:01","modified_gmt":"2025-10-03T20:55:01","slug":"butterfly-mini-vibromasseur","status":"publish","type":"product","link":"https:\/\/eveilintime.fr\/?product=butterfly-mini-vibromasseur","title":{"rendered":"BUTTERFLY, Mini Vibromasseur avec stimulateur clitoridien Papillon rose USB, avec t\u00e9l\u00e9commande"},"content":{"rendered":"<p><strong>BUTTERFLY, Mini vibromasseur \u00ab\u00a0Papillon\u00a0\u00bb rose<\/strong>, pour une\u00a0<strong>stimulation clitoridienne<\/strong>\u00a0plus g\u00e9n\u00e9reuse. BUTTERFLY est dot\u00e9 d&rsquo;un\u00a0<strong>moteur puissant<\/strong>\u00a0pour des sensations plus intenses. Mini Vibromasseur \u00e0 stimulation clitoridienne avec\u00a0<strong>t\u00e9l\u00e9command\u00e9 \u00e0 distance<\/strong>. Ce mini vibromasseur avec stimuli clitoridien dont vous pourrez contr\u00f4ler les puissantes vibrations.<\/p>\n<p><strong>10 modes de vibration et 3 vitesses variables<\/strong>, \u00e0 l&rsquo;aide de sa t\u00e9l\u00e9commande sans fil ! Vous allez pouvoir varier les sensations . Un moteur puissant qui r\u00e9veillera tous vos sens. Dans un silicone lisse et doux. utilisez la t\u00e9l\u00e9commande pour changer les modes de vibration et la vitesse &#8211; Avec une interface (Marche\/Arr\u00eat) pour l&rsquo;allumer et changer les modes de vibration et ( + et &#8211; ) Pour augmenter ou diminuer sa vitesse&#8230;de Doux \u00e0 tr\u00e8s intense.<\/p>\n<p>Waterproof<\/p>\n<p>Silencieux avec moins de 45dB max<\/p>\n<p>Dimensions : 90 x 48 mm tout compris<\/p>\n<p>Temps de charge 60 minutes pour 90 minutes d&rsquo;utilisation &#8211; Charge USB (cable fourni)<\/p>\n<p>T\u00e9l\u00e9commande avec pile plate fournie.<\/p>\n<p>Mati\u00e8res: Silicone et ABS &#8211; sans phtalates<\/p>\n<p>Poids 80 Gr &#8211;<\/p>\n","protected":false},"excerpt":{"rendered":"<p><strong>BUTTERFLY, Mini Vibromaseur<\/strong>\u00a0\u00ab\u00a0Papillon\u00a0\u00bb Rose, pour une\u00a0<strong>stimulation clitoridienne<\/strong>.\u00a0<strong>t\u00e9l\u00e9commande \u00e0 distance<\/strong>, dans un silicone m\u00e9dical, doux et rainur\u00e9. 10 modes de vibration et 3 vitesses de votre fournisseur C\u0153ur Ardent.<\/p>\n<p>&nbsp;<\/p>\n<p style=\"text-align: center;\"><img decoding=\"async\" class=\"alignnone size-medium wp-image-150 lazyload\" data-src=\"https:\/\/eveilintime.fr\/wp-content\/uploads\/2025\/09\/paiement-securise-garanti-300x76.png\" alt=\"Paiement s\u00e9curis\u00e9\" width=\"300\" height=\"76\" data-srcset=\"https:\/\/eveilintime.fr\/wp-content\/uploads\/2025\/09\/paiement-securise-garanti-300x76.png 300w, https:\/\/eveilintime.fr\/wp-content\/uploads\/2025\/09\/paiement-securise-garanti.png 446w\" data-sizes=\"(max-width: 300px) 100vw, 300px\" src=\"data:image\/svg+xml;base64,PHN2ZyB3aWR0aD0iMSIgaGVpZ2h0PSIxIiB4bWxucz0iaHR0cDovL3d3dy53My5vcmcvMjAwMC9zdmciPjwvc3ZnPg==\" style=\"--smush-placeholder-width: 300px; --smush-placeholder-aspect-ratio: 300\/76;\" \/><\/p>\n","protected":false},"featured_media":847,"comment_status":"open","ping_status":"closed","template":"","meta":[],"product_brand":[24],"product_cat":[44,36],"product_tag":[21],"class_list":{"0":"post-277","1":"product","2":"type-product","3":"status-publish","4":"has-post-thumbnail","6":"product_brand-coeur-ardent","7":"product_cat-stimulateur","8":"product_cat-vibromasseur","9":"product_tag-vibromasseur","11":"first","12":"instock","13":"taxable","14":"shipping-taxable","15":"purchasable","16":"product-type-simple"},"yoast_head":"<!-- This site is optimized with the Yoast SEO plugin v27.1.1 - https:\/\/yoast.com\/product\/yoast-seo-wordpress\/ -->\n<title>BUTTERFLY, Mini Vibromasseur avec stimulateur clitoridien Papillon rose USB, avec t\u00e9l\u00e9commande - \u00c9veil Intime<\/title>\n<meta name=\"description\" content=\"BUTTERFLY, Mini Vibromaseur &quot;Papillon&quot; Rose, pour une stimulation clitoridienne. t\u00e9l\u00e9commande \u00e0 distance, 10 modes de vibration et 3 vitesses\" \/>\n<meta name=\"robots\" content=\"index, follow, max-snippet:-1, max-image-preview:large, max-video-preview:-1\" \/>\n<link rel=\"canonical\" href=\"https:\/\/eveilintime.fr\/index.php\/produit\/butterfly-mini-vibromasseur\/\" \/>\n<meta property=\"og:locale\" content=\"fr_FR\" \/>\n<meta property=\"og:type\" content=\"article\" \/>\n<meta property=\"og:title\" content=\"BUTTERFLY, Mini Vibromasseur avec stimulateur clitoridien Papillon rose USB, avec t\u00e9l\u00e9commande - \u00c9veil Intime\" \/>\n<meta property=\"og:description\" content=\"BUTTERFLY, Mini Vibromaseur &quot;Papillon&quot; Rose, pour une stimulation clitoridienne. t\u00e9l\u00e9commande \u00e0 distance, 10 modes de vibration et 3 vitesses\" \/>\n<meta property=\"og:url\" content=\"https:\/\/eveilintime.fr\/index.php\/produit\/butterfly-mini-vibromasseur\/\" \/>\n<meta property=\"og:site_name\" content=\"\u00c9veil Intime\" \/>\n<meta property=\"article:modified_time\" content=\"2025-10-03T20:55:01+00:00\" \/>\n<meta property=\"og:image\" content=\"https:\/\/eveilintime.fr\/wp-content\/uploads\/2025\/09\/butterfly-mini-vibromasseur-avec-stimulateur-clitoridien-papillon-rose-usb-avec-telecommande-bq162pnk-3.png\" \/>\n\t<meta property=\"og:image:width\" content=\"800\" \/>\n\t<meta property=\"og:image:height\" content=\"800\" \/>\n\t<meta property=\"og:image:type\" content=\"image\/png\" \/>\n<meta name=\"twitter:card\" content=\"summary_large_image\" \/>\n<meta name=\"twitter:label1\" content=\"Dur\u00e9e de lecture estim\u00e9e\" \/>\n\t<meta name=\"twitter:data1\" content=\"1 minute\" \/>\n<script type=\"application\/ld+json\" class=\"yoast-schema-graph\">{\"@context\":\"https:\/\/schema.org\",\"@graph\":[{\"@type\":\"WebPage\",\"@id\":\"https:\/\/eveilintime.fr\/index.php\/produit\/butterfly-mini-vibromasseur\/\",\"url\":\"https:\/\/eveilintime.fr\/index.php\/produit\/butterfly-mini-vibromasseur\/\",\"name\":\"BUTTERFLY, Mini Vibromasseur avec stimulateur clitoridien Papillon rose USB, avec t\u00e9l\u00e9commande - \u00c9veil Intime\",\"isPartOf\":{\"@id\":\"https:\/\/eveilintime.fr\/#website\"},\"primaryImageOfPage\":{\"@id\":\"https:\/\/eveilintime.fr\/index.php\/produit\/butterfly-mini-vibromasseur\/#primaryimage\"},\"image\":{\"@id\":\"https:\/\/eveilintime.fr\/index.php\/produit\/butterfly-mini-vibromasseur\/#primaryimage\"},\"thumbnailUrl\":\"https:\/\/eveilintime.fr\/wp-content\/uploads\/2025\/09\/butterfly-mini-vibromasseur-avec-stimulateur-clitoridien-papillon-rose-usb-avec-telecommande-bq162pnk-3.png\",\"datePublished\":\"2025-09-24T23:20:43+00:00\",\"dateModified\":\"2025-10-03T20:55:01+00:00\",\"description\":\"BUTTERFLY, Mini Vibromaseur \\\"Papillon\\\" Rose, pour une stimulation clitoridienne. t\u00e9l\u00e9commande \u00e0 distance, 10 modes de vibration et 3 vitesses\",\"breadcrumb\":{\"@id\":\"https:\/\/eveilintime.fr\/index.php\/produit\/butterfly-mini-vibromasseur\/#breadcrumb\"},\"inLanguage\":\"fr-FR\",\"potentialAction\":[{\"@type\":\"ReadAction\",\"target\":[\"https:\/\/eveilintime.fr\/index.php\/produit\/butterfly-mini-vibromasseur\/\"]}]},{\"@type\":\"ImageObject\",\"inLanguage\":\"fr-FR\",\"@id\":\"https:\/\/eveilintime.fr\/index.php\/produit\/butterfly-mini-vibromasseur\/#primaryimage\",\"url\":\"https:\/\/eveilintime.fr\/wp-content\/uploads\/2025\/09\/butterfly-mini-vibromasseur-avec-stimulateur-clitoridien-papillon-rose-usb-avec-telecommande-bq162pnk-3.png\",\"contentUrl\":\"https:\/\/eveilintime.fr\/wp-content\/uploads\/2025\/09\/butterfly-mini-vibromasseur-avec-stimulateur-clitoridien-papillon-rose-usb-avec-telecommande-bq162pnk-3.png\",\"width\":800,\"height\":800},{\"@type\":\"BreadcrumbList\",\"@id\":\"https:\/\/eveilintime.fr\/index.php\/produit\/butterfly-mini-vibromasseur\/#breadcrumb\",\"itemListElement\":[{\"@type\":\"ListItem\",\"position\":1,\"name\":\"Accueil\",\"item\":\"https:\/\/eveilintime.fr\/\"},{\"@type\":\"ListItem\",\"position\":2,\"name\":\"Boutique\",\"item\":\"https:\/\/eveilintime.fr\/?page_id=8\"},{\"@type\":\"ListItem\",\"position\":3,\"name\":\"BUTTERFLY, Mini Vibromasseur avec stimulateur clitoridien Papillon rose USB, avec t\u00e9l\u00e9commande\"}]},{\"@type\":\"WebSite\",\"@id\":\"https:\/\/eveilintime.fr\/#website\",\"url\":\"https:\/\/eveilintime.fr\/\",\"name\":\"\u00c9veilintime\",\"description\":\"Parce que l&#039;intime m\u00e9rite l&#039;\u00e9l\u00e9gance\",\"publisher\":{\"@id\":\"https:\/\/eveilintime.fr\/#organization\"},\"potentialAction\":[{\"@type\":\"SearchAction\",\"target\":{\"@type\":\"EntryPoint\",\"urlTemplate\":\"https:\/\/eveilintime.fr\/?s={search_term_string}\"},\"query-input\":{\"@type\":\"PropertyValueSpecification\",\"valueRequired\":true,\"valueName\":\"search_term_string\"}}],\"inLanguage\":\"fr-FR\"},{\"@type\":\"Organization\",\"@id\":\"https:\/\/eveilintime.fr\/#organization\",\"name\":\"\u00c9veilintime\",\"url\":\"https:\/\/eveilintime.fr\/\",\"logo\":{\"@type\":\"ImageObject\",\"inLanguage\":\"fr-FR\",\"@id\":\"https:\/\/eveilintime.fr\/#\/schema\/logo\/image\/\",\"url\":\"https:\/\/eveilintime.fr\/wp-content\/uploads\/2025\/09\/logo-Eveil-Intime.png\",\"contentUrl\":\"https:\/\/eveilintime.fr\/wp-content\/uploads\/2025\/09\/logo-Eveil-Intime.png\",\"width\":417,\"height\":160,\"caption\":\"\u00c9veilintime\"},\"image\":{\"@id\":\"https:\/\/eveilintime.fr\/#\/schema\/logo\/image\/\"}}]}<\/script>\n<!-- \/ Yoast SEO plugin. -->","yoast_head_json":{"title":"BUTTERFLY, Mini Vibromasseur avec stimulateur clitoridien Papillon rose USB, avec t\u00e9l\u00e9commande - \u00c9veil Intime","description":"BUTTERFLY, Mini Vibromaseur \"Papillon\" Rose, pour une stimulation clitoridienne. t\u00e9l\u00e9commande \u00e0 distance, 10 modes de vibration et 3 vitesses","robots":{"index":"index","follow":"follow","max-snippet":"max-snippet:-1","max-image-preview":"max-image-preview:large","max-video-preview":"max-video-preview:-1"},"canonical":"https:\/\/eveilintime.fr\/index.php\/produit\/butterfly-mini-vibromasseur\/","og_locale":"fr_FR","og_type":"article","og_title":"BUTTERFLY, Mini Vibromasseur avec stimulateur clitoridien Papillon rose USB, avec t\u00e9l\u00e9commande - \u00c9veil Intime","og_description":"BUTTERFLY, Mini Vibromaseur \"Papillon\" Rose, pour une stimulation clitoridienne. t\u00e9l\u00e9commande \u00e0 distance, 10 modes de vibration et 3 vitesses","og_url":"https:\/\/eveilintime.fr\/index.php\/produit\/butterfly-mini-vibromasseur\/","og_site_name":"\u00c9veil Intime","article_modified_time":"2025-10-03T20:55:01+00:00","og_image":[{"width":800,"height":800,"url":"https:\/\/eveilintime.fr\/wp-content\/uploads\/2025\/09\/butterfly-mini-vibromasseur-avec-stimulateur-clitoridien-papillon-rose-usb-avec-telecommande-bq162pnk-3.png","type":"image\/png"}],"twitter_card":"summary_large_image","twitter_misc":{"Dur\u00e9e de lecture estim\u00e9e":"1 minute"},"schema":{"@context":"https:\/\/schema.org","@graph":[{"@type":"WebPage","@id":"https:\/\/eveilintime.fr\/index.php\/produit\/butterfly-mini-vibromasseur\/","url":"https:\/\/eveilintime.fr\/index.php\/produit\/butterfly-mini-vibromasseur\/","name":"BUTTERFLY, Mini Vibromasseur avec stimulateur clitoridien Papillon rose USB, avec t\u00e9l\u00e9commande - \u00c9veil Intime","isPartOf":{"@id":"https:\/\/eveilintime.fr\/#website"},"primaryImageOfPage":{"@id":"https:\/\/eveilintime.fr\/index.php\/produit\/butterfly-mini-vibromasseur\/#primaryimage"},"image":{"@id":"https:\/\/eveilintime.fr\/index.php\/produit\/butterfly-mini-vibromasseur\/#primaryimage"},"thumbnailUrl":"https:\/\/eveilintime.fr\/wp-content\/uploads\/2025\/09\/butterfly-mini-vibromasseur-avec-stimulateur-clitoridien-papillon-rose-usb-avec-telecommande-bq162pnk-3.png","datePublished":"2025-09-24T23:20:43+00:00","dateModified":"2025-10-03T20:55:01+00:00","description":"BUTTERFLY, Mini Vibromaseur \"Papillon\" Rose, pour une stimulation clitoridienne. t\u00e9l\u00e9commande \u00e0 distance, 10 modes de vibration et 3 vitesses","breadcrumb":{"@id":"https:\/\/eveilintime.fr\/index.php\/produit\/butterfly-mini-vibromasseur\/#breadcrumb"},"inLanguage":"fr-FR","potentialAction":[{"@type":"ReadAction","target":["https:\/\/eveilintime.fr\/index.php\/produit\/butterfly-mini-vibromasseur\/"]}]},{"@type":"ImageObject","inLanguage":"fr-FR","@id":"https:\/\/eveilintime.fr\/index.php\/produit\/butterfly-mini-vibromasseur\/#primaryimage","url":"https:\/\/eveilintime.fr\/wp-content\/uploads\/2025\/09\/butterfly-mini-vibromasseur-avec-stimulateur-clitoridien-papillon-rose-usb-avec-telecommande-bq162pnk-3.png","contentUrl":"https:\/\/eveilintime.fr\/wp-content\/uploads\/2025\/09\/butterfly-mini-vibromasseur-avec-stimulateur-clitoridien-papillon-rose-usb-avec-telecommande-bq162pnk-3.png","width":800,"height":800},{"@type":"BreadcrumbList","@id":"https:\/\/eveilintime.fr\/index.php\/produit\/butterfly-mini-vibromasseur\/#breadcrumb","itemListElement":[{"@type":"ListItem","position":1,"name":"Accueil","item":"https:\/\/eveilintime.fr\/"},{"@type":"ListItem","position":2,"name":"Boutique","item":"https:\/\/eveilintime.fr\/?page_id=8"},{"@type":"ListItem","position":3,"name":"BUTTERFLY, Mini Vibromasseur avec stimulateur clitoridien Papillon rose USB, avec t\u00e9l\u00e9commande"}]},{"@type":"WebSite","@id":"https:\/\/eveilintime.fr\/#website","url":"https:\/\/eveilintime.fr\/","name":"\u00c9veilintime","description":"Parce que l&#039;intime m\u00e9rite l&#039;\u00e9l\u00e9gance","publisher":{"@id":"https:\/\/eveilintime.fr\/#organization"},"potentialAction":[{"@type":"SearchAction","target":{"@type":"EntryPoint","urlTemplate":"https:\/\/eveilintime.fr\/?s={search_term_string}"},"query-input":{"@type":"PropertyValueSpecification","valueRequired":true,"valueName":"search_term_string"}}],"inLanguage":"fr-FR"},{"@type":"Organization","@id":"https:\/\/eveilintime.fr\/#organization","name":"\u00c9veilintime","url":"https:\/\/eveilintime.fr\/","logo":{"@type":"ImageObject","inLanguage":"fr-FR","@id":"https:\/\/eveilintime.fr\/#\/schema\/logo\/image\/","url":"https:\/\/eveilintime.fr\/wp-content\/uploads\/2025\/09\/logo-Eveil-Intime.png","contentUrl":"https:\/\/eveilintime.fr\/wp-content\/uploads\/2025\/09\/logo-Eveil-Intime.png","width":417,"height":160,"caption":"\u00c9veilintime"},"image":{"@id":"https:\/\/eveilintime.fr\/#\/schema\/logo\/image\/"}}]}},"jetpack_sharing_enabled":true,"_links":{"self":[{"href":"https:\/\/eveilintime.fr\/index.php?rest_route=\/wp\/v2\/product\/277","targetHints":{"allow":["GET"]}}],"collection":[{"href":"https:\/\/eveilintime.fr\/index.php?rest_route=\/wp\/v2\/product"}],"about":[{"href":"https:\/\/eveilintime.fr\/index.php?rest_route=\/wp\/v2\/types\/product"}],"replies":[{"embeddable":true,"href":"https:\/\/eveilintime.fr\/index.php?rest_route=%2Fwp%2Fv2%2Fcomments&post=277"}],"version-history":[{"count":1,"href":"https:\/\/eveilintime.fr\/index.php?rest_route=\/wp\/v2\/product\/277\/revisions"}],"predecessor-version":[{"id":281,"href":"https:\/\/eveilintime.fr\/index.php?rest_route=\/wp\/v2\/product\/277\/revisions\/281"}],"wp:featuredmedia":[{"embeddable":true,"href":"https:\/\/eveilintime.fr\/index.php?rest_route=\/wp\/v2\/media\/847"}],"wp:attachment":[{"href":"https:\/\/eveilintime.fr\/index.php?rest_route=%2Fwp%2Fv2%2Fmedia&parent=277"}],"wp:term":[{"taxonomy":"product_brand","embeddable":true,"href":"https:\/\/eveilintime.fr\/index.php?rest_route=%2Fwp%2Fv2%2Fproduct_brand&post=277"},{"taxonomy":"product_cat","embeddable":true,"href":"https:\/\/eveilintime.fr\/index.php?rest_route=%2Fwp%2Fv2%2Fproduct_cat&post=277"},{"taxonomy":"product_tag","embeddable":true,"href":"https:\/\/eveilintime.fr\/index.php?rest_route=%2Fwp%2Fv2%2Fproduct_tag&post=277"}],"curies":[{"name":"wp","href":"https:\/\/api.w.org\/{rel}","templated":true}]}}