{"id":259,"date":"2025-09-24T23:06:36","date_gmt":"2025-09-24T23:06:36","guid":{"rendered":"https:\/\/eveilintime.fr\/?post_type=product&#038;p=259"},"modified":"2025-10-01T19:23:42","modified_gmt":"2025-10-01T19:23:42","slug":"vibromasseur-point-g-tete-rotative","status":"publish","type":"product","link":"https:\/\/eveilintime.fr\/?product=vibromasseur-point-g-tete-rotative","title":{"rendered":"Vibromasseur point G t\u00eate rotative blanc USB Spinning g-spot 1 Satisfyer"},"content":{"rendered":"<p>La nouvelle s\u00e9rie Satisfyer Spinning vous fera tourner la t\u00eate \u00e0 coup s\u00fbr : le Satisfyer Spinning G-Spot 1 est un vibromasseur point G qui vibre et tourne pour vous offrir une toute nouvelle exp\u00e9rience sensuelle.<\/p>\n<p>&#8211; Stimulation du point G par rotations et vibrations<\/p>\n<p>&#8211; Parfaitement con\u00e7u pour atteindre le point G pour une stimulation intense<\/p>\n<p>&#8211; Gr\u00e2ce \u00e0 sa surface \u00e9tanche (IPX7), ce jouet peut \u00eatre utilis\u00e9 dans l\u2019eau en toute s\u00e9curit\u00e9 et est facile \u00e0 nettoyer.<\/p>\n<p>&#8211; Silicone sans danger pour le corps<\/p>\n<p>&#8211; \u00c9tanche (IPX7)<\/p>\n<p>&#8211; 12 programmes de vibrations<\/p>\n<p>&#8211; 5 programmes de rotation<\/p>\n<p>&#8211; Mode silencieux<\/p>\n<p>&#8211;\u00a0C\u00e2ble de charge magn\u00e9tique USB inclus<\/p>\n","protected":false},"excerpt":{"rendered":"<p>Vibromasseur point G t\u00eate rotative blanc USB Spinning g-spot 1 de votre<strong> fournisseur SATIFAYER.<\/strong><\/p>\n<p>&nbsp;<\/p>\n<p><img decoding=\"async\" class=\"alignnone size-medium wp-image-150 aligncenter lazyload\" data-src=\"https:\/\/eveilintime.fr\/wp-content\/uploads\/2025\/09\/paiement-securise-garanti-300x76.png\" alt=\"Paiement s\u00e9curis\u00e9\" width=\"300\" height=\"76\" data-srcset=\"https:\/\/eveilintime.fr\/wp-content\/uploads\/2025\/09\/paiement-securise-garanti-300x76.png 300w, https:\/\/eveilintime.fr\/wp-content\/uploads\/2025\/09\/paiement-securise-garanti.png 446w\" data-sizes=\"(max-width: 300px) 100vw, 300px\" src=\"data:image\/svg+xml;base64,PHN2ZyB3aWR0aD0iMSIgaGVpZ2h0PSIxIiB4bWxucz0iaHR0cDovL3d3dy53My5vcmcvMjAwMC9zdmciPjwvc3ZnPg==\" style=\"--smush-placeholder-width: 300px; --smush-placeholder-aspect-ratio: 300\/76;\" \/><\/p>\n","protected":false},"featured_media":834,"comment_status":"open","ping_status":"closed","template":"","meta":[],"product_brand":[20],"product_cat":[36],"product_tag":[21],"class_list":{"0":"post-259","1":"product","2":"type-product","3":"status-publish","4":"has-post-thumbnail","6":"product_brand-satisfyer","7":"product_cat-vibromasseur","8":"product_tag-vibromasseur","10":"first","11":"instock","12":"taxable","13":"shipping-taxable","14":"purchasable","15":"product-type-simple"},"yoast_head":"<!-- This site is optimized with the Yoast SEO plugin v27.1.1 - https:\/\/yoast.com\/product\/yoast-seo-wordpress\/ -->\n<title>Vibromasseur point G t\u00eate rotative blanc USB Spinning g-spot 1 Satisfyer - \u00c9veil Intime<\/title>\n<meta name=\"description\" content=\"le Satisfyer Spinning G-Spot 1est un vibromasseur point G qui vibre et tourne pour vous offrir une toute nouvelle exp\u00e9rience sensuelle.\" \/>\n<meta name=\"robots\" content=\"index, follow, max-snippet:-1, max-image-preview:large, max-video-preview:-1\" \/>\n<link rel=\"canonical\" href=\"https:\/\/eveilintime.fr\/index.php\/produit\/vibromasseur-point-g-tete-rotative\/\" \/>\n<meta property=\"og:locale\" content=\"fr_FR\" \/>\n<meta property=\"og:type\" content=\"article\" \/>\n<meta property=\"og:title\" content=\"Vibromasseur point G t\u00eate rotative blanc USB Spinning g-spot 1 Satisfyer - \u00c9veil Intime\" \/>\n<meta property=\"og:description\" content=\"le Satisfyer Spinning G-Spot 1est un vibromasseur point G qui vibre et tourne pour vous offrir une toute nouvelle exp\u00e9rience sensuelle.\" \/>\n<meta property=\"og:url\" content=\"https:\/\/eveilintime.fr\/index.php\/produit\/vibromasseur-point-g-tete-rotative\/\" \/>\n<meta property=\"og:site_name\" content=\"\u00c9veil Intime\" \/>\n<meta property=\"article:modified_time\" content=\"2025-10-01T19:23:42+00:00\" \/>\n<meta property=\"og:image\" content=\"https:\/\/eveilintime.fr\/wp-content\/uploads\/2025\/09\/vibromasseur-point-g-tete-rotative-blanc-usb-spinning-g-spot-1-satisfyer-cc597857-5.png\" \/>\n\t<meta property=\"og:image:width\" content=\"800\" \/>\n\t<meta property=\"og:image:height\" content=\"800\" \/>\n\t<meta property=\"og:image:type\" content=\"image\/png\" \/>\n<meta name=\"twitter:card\" content=\"summary_large_image\" \/>\n<meta name=\"twitter:label1\" content=\"Dur\u00e9e de lecture estim\u00e9e\" \/>\n\t<meta name=\"twitter:data1\" content=\"1 minute\" \/>\n<script type=\"application\/ld+json\" class=\"yoast-schema-graph\">{\"@context\":\"https:\/\/schema.org\",\"@graph\":[{\"@type\":\"WebPage\",\"@id\":\"https:\/\/eveilintime.fr\/index.php\/produit\/vibromasseur-point-g-tete-rotative\/\",\"url\":\"https:\/\/eveilintime.fr\/index.php\/produit\/vibromasseur-point-g-tete-rotative\/\",\"name\":\"Vibromasseur point G t\u00eate rotative blanc USB Spinning g-spot 1 Satisfyer - \u00c9veil Intime\",\"isPartOf\":{\"@id\":\"https:\/\/eveilintime.fr\/#website\"},\"primaryImageOfPage\":{\"@id\":\"https:\/\/eveilintime.fr\/index.php\/produit\/vibromasseur-point-g-tete-rotative\/#primaryimage\"},\"image\":{\"@id\":\"https:\/\/eveilintime.fr\/index.php\/produit\/vibromasseur-point-g-tete-rotative\/#primaryimage\"},\"thumbnailUrl\":\"https:\/\/eveilintime.fr\/wp-content\/uploads\/2025\/09\/vibromasseur-point-g-tete-rotative-blanc-usb-spinning-g-spot-1-satisfyer-cc597857-5.png\",\"datePublished\":\"2025-09-24T23:06:36+00:00\",\"dateModified\":\"2025-10-01T19:23:42+00:00\",\"description\":\"le Satisfyer Spinning G-Spot 1est un vibromasseur point G qui vibre et tourne pour vous offrir une toute nouvelle exp\u00e9rience sensuelle.\",\"breadcrumb\":{\"@id\":\"https:\/\/eveilintime.fr\/index.php\/produit\/vibromasseur-point-g-tete-rotative\/#breadcrumb\"},\"inLanguage\":\"fr-FR\",\"potentialAction\":[{\"@type\":\"ReadAction\",\"target\":[\"https:\/\/eveilintime.fr\/index.php\/produit\/vibromasseur-point-g-tete-rotative\/\"]}]},{\"@type\":\"ImageObject\",\"inLanguage\":\"fr-FR\",\"@id\":\"https:\/\/eveilintime.fr\/index.php\/produit\/vibromasseur-point-g-tete-rotative\/#primaryimage\",\"url\":\"https:\/\/eveilintime.fr\/wp-content\/uploads\/2025\/09\/vibromasseur-point-g-tete-rotative-blanc-usb-spinning-g-spot-1-satisfyer-cc597857-5.png\",\"contentUrl\":\"https:\/\/eveilintime.fr\/wp-content\/uploads\/2025\/09\/vibromasseur-point-g-tete-rotative-blanc-usb-spinning-g-spot-1-satisfyer-cc597857-5.png\",\"width\":800,\"height\":800},{\"@type\":\"BreadcrumbList\",\"@id\":\"https:\/\/eveilintime.fr\/index.php\/produit\/vibromasseur-point-g-tete-rotative\/#breadcrumb\",\"itemListElement\":[{\"@type\":\"ListItem\",\"position\":1,\"name\":\"Accueil\",\"item\":\"https:\/\/eveilintime.fr\/\"},{\"@type\":\"ListItem\",\"position\":2,\"name\":\"Boutique\",\"item\":\"https:\/\/eveilintime.fr\/?page_id=8\"},{\"@type\":\"ListItem\",\"position\":3,\"name\":\"Vibromasseur point G t\u00eate rotative blanc USB Spinning g-spot 1 Satisfyer\"}]},{\"@type\":\"WebSite\",\"@id\":\"https:\/\/eveilintime.fr\/#website\",\"url\":\"https:\/\/eveilintime.fr\/\",\"name\":\"\u00c9veilintime\",\"description\":\"Parce que l&#039;intime m\u00e9rite l&#039;\u00e9l\u00e9gance\",\"publisher\":{\"@id\":\"https:\/\/eveilintime.fr\/#organization\"},\"potentialAction\":[{\"@type\":\"SearchAction\",\"target\":{\"@type\":\"EntryPoint\",\"urlTemplate\":\"https:\/\/eveilintime.fr\/?s={search_term_string}\"},\"query-input\":{\"@type\":\"PropertyValueSpecification\",\"valueRequired\":true,\"valueName\":\"search_term_string\"}}],\"inLanguage\":\"fr-FR\"},{\"@type\":\"Organization\",\"@id\":\"https:\/\/eveilintime.fr\/#organization\",\"name\":\"\u00c9veilintime\",\"url\":\"https:\/\/eveilintime.fr\/\",\"logo\":{\"@type\":\"ImageObject\",\"inLanguage\":\"fr-FR\",\"@id\":\"https:\/\/eveilintime.fr\/#\/schema\/logo\/image\/\",\"url\":\"https:\/\/eveilintime.fr\/wp-content\/uploads\/2025\/09\/logo-Eveil-Intime.png\",\"contentUrl\":\"https:\/\/eveilintime.fr\/wp-content\/uploads\/2025\/09\/logo-Eveil-Intime.png\",\"width\":417,\"height\":160,\"caption\":\"\u00c9veilintime\"},\"image\":{\"@id\":\"https:\/\/eveilintime.fr\/#\/schema\/logo\/image\/\"}}]}<\/script>\n<!-- \/ Yoast SEO plugin. -->","yoast_head_json":{"title":"Vibromasseur point G t\u00eate rotative blanc USB Spinning g-spot 1 Satisfyer - \u00c9veil Intime","description":"le Satisfyer Spinning G-Spot 1est un vibromasseur point G qui vibre et tourne pour vous offrir une toute nouvelle exp\u00e9rience sensuelle.","robots":{"index":"index","follow":"follow","max-snippet":"max-snippet:-1","max-image-preview":"max-image-preview:large","max-video-preview":"max-video-preview:-1"},"canonical":"https:\/\/eveilintime.fr\/index.php\/produit\/vibromasseur-point-g-tete-rotative\/","og_locale":"fr_FR","og_type":"article","og_title":"Vibromasseur point G t\u00eate rotative blanc USB Spinning g-spot 1 Satisfyer - \u00c9veil Intime","og_description":"le Satisfyer Spinning G-Spot 1est un vibromasseur point G qui vibre et tourne pour vous offrir une toute nouvelle exp\u00e9rience sensuelle.","og_url":"https:\/\/eveilintime.fr\/index.php\/produit\/vibromasseur-point-g-tete-rotative\/","og_site_name":"\u00c9veil Intime","article_modified_time":"2025-10-01T19:23:42+00:00","og_image":[{"width":800,"height":800,"url":"https:\/\/eveilintime.fr\/wp-content\/uploads\/2025\/09\/vibromasseur-point-g-tete-rotative-blanc-usb-spinning-g-spot-1-satisfyer-cc597857-5.png","type":"image\/png"}],"twitter_card":"summary_large_image","twitter_misc":{"Dur\u00e9e de lecture estim\u00e9e":"1 minute"},"schema":{"@context":"https:\/\/schema.org","@graph":[{"@type":"WebPage","@id":"https:\/\/eveilintime.fr\/index.php\/produit\/vibromasseur-point-g-tete-rotative\/","url":"https:\/\/eveilintime.fr\/index.php\/produit\/vibromasseur-point-g-tete-rotative\/","name":"Vibromasseur point G t\u00eate rotative blanc USB Spinning g-spot 1 Satisfyer - \u00c9veil Intime","isPartOf":{"@id":"https:\/\/eveilintime.fr\/#website"},"primaryImageOfPage":{"@id":"https:\/\/eveilintime.fr\/index.php\/produit\/vibromasseur-point-g-tete-rotative\/#primaryimage"},"image":{"@id":"https:\/\/eveilintime.fr\/index.php\/produit\/vibromasseur-point-g-tete-rotative\/#primaryimage"},"thumbnailUrl":"https:\/\/eveilintime.fr\/wp-content\/uploads\/2025\/09\/vibromasseur-point-g-tete-rotative-blanc-usb-spinning-g-spot-1-satisfyer-cc597857-5.png","datePublished":"2025-09-24T23:06:36+00:00","dateModified":"2025-10-01T19:23:42+00:00","description":"le Satisfyer Spinning G-Spot 1est un vibromasseur point G qui vibre et tourne pour vous offrir une toute nouvelle exp\u00e9rience sensuelle.","breadcrumb":{"@id":"https:\/\/eveilintime.fr\/index.php\/produit\/vibromasseur-point-g-tete-rotative\/#breadcrumb"},"inLanguage":"fr-FR","potentialAction":[{"@type":"ReadAction","target":["https:\/\/eveilintime.fr\/index.php\/produit\/vibromasseur-point-g-tete-rotative\/"]}]},{"@type":"ImageObject","inLanguage":"fr-FR","@id":"https:\/\/eveilintime.fr\/index.php\/produit\/vibromasseur-point-g-tete-rotative\/#primaryimage","url":"https:\/\/eveilintime.fr\/wp-content\/uploads\/2025\/09\/vibromasseur-point-g-tete-rotative-blanc-usb-spinning-g-spot-1-satisfyer-cc597857-5.png","contentUrl":"https:\/\/eveilintime.fr\/wp-content\/uploads\/2025\/09\/vibromasseur-point-g-tete-rotative-blanc-usb-spinning-g-spot-1-satisfyer-cc597857-5.png","width":800,"height":800},{"@type":"BreadcrumbList","@id":"https:\/\/eveilintime.fr\/index.php\/produit\/vibromasseur-point-g-tete-rotative\/#breadcrumb","itemListElement":[{"@type":"ListItem","position":1,"name":"Accueil","item":"https:\/\/eveilintime.fr\/"},{"@type":"ListItem","position":2,"name":"Boutique","item":"https:\/\/eveilintime.fr\/?page_id=8"},{"@type":"ListItem","position":3,"name":"Vibromasseur point G t\u00eate rotative blanc USB Spinning g-spot 1 Satisfyer"}]},{"@type":"WebSite","@id":"https:\/\/eveilintime.fr\/#website","url":"https:\/\/eveilintime.fr\/","name":"\u00c9veilintime","description":"Parce que l&#039;intime m\u00e9rite l&#039;\u00e9l\u00e9gance","publisher":{"@id":"https:\/\/eveilintime.fr\/#organization"},"potentialAction":[{"@type":"SearchAction","target":{"@type":"EntryPoint","urlTemplate":"https:\/\/eveilintime.fr\/?s={search_term_string}"},"query-input":{"@type":"PropertyValueSpecification","valueRequired":true,"valueName":"search_term_string"}}],"inLanguage":"fr-FR"},{"@type":"Organization","@id":"https:\/\/eveilintime.fr\/#organization","name":"\u00c9veilintime","url":"https:\/\/eveilintime.fr\/","logo":{"@type":"ImageObject","inLanguage":"fr-FR","@id":"https:\/\/eveilintime.fr\/#\/schema\/logo\/image\/","url":"https:\/\/eveilintime.fr\/wp-content\/uploads\/2025\/09\/logo-Eveil-Intime.png","contentUrl":"https:\/\/eveilintime.fr\/wp-content\/uploads\/2025\/09\/logo-Eveil-Intime.png","width":417,"height":160,"caption":"\u00c9veilintime"},"image":{"@id":"https:\/\/eveilintime.fr\/#\/schema\/logo\/image\/"}}]}},"jetpack_sharing_enabled":true,"_links":{"self":[{"href":"https:\/\/eveilintime.fr\/index.php?rest_route=\/wp\/v2\/product\/259","targetHints":{"allow":["GET"]}}],"collection":[{"href":"https:\/\/eveilintime.fr\/index.php?rest_route=\/wp\/v2\/product"}],"about":[{"href":"https:\/\/eveilintime.fr\/index.php?rest_route=\/wp\/v2\/types\/product"}],"replies":[{"embeddable":true,"href":"https:\/\/eveilintime.fr\/index.php?rest_route=%2Fwp%2Fv2%2Fcomments&post=259"}],"version-history":[{"count":1,"href":"https:\/\/eveilintime.fr\/index.php?rest_route=\/wp\/v2\/product\/259\/revisions"}],"predecessor-version":[{"id":265,"href":"https:\/\/eveilintime.fr\/index.php?rest_route=\/wp\/v2\/product\/259\/revisions\/265"}],"wp:featuredmedia":[{"embeddable":true,"href":"https:\/\/eveilintime.fr\/index.php?rest_route=\/wp\/v2\/media\/834"}],"wp:attachment":[{"href":"https:\/\/eveilintime.fr\/index.php?rest_route=%2Fwp%2Fv2%2Fmedia&parent=259"}],"wp:term":[{"taxonomy":"product_brand","embeddable":true,"href":"https:\/\/eveilintime.fr\/index.php?rest_route=%2Fwp%2Fv2%2Fproduct_brand&post=259"},{"taxonomy":"product_cat","embeddable":true,"href":"https:\/\/eveilintime.fr\/index.php?rest_route=%2Fwp%2Fv2%2Fproduct_cat&post=259"},{"taxonomy":"product_tag","embeddable":true,"href":"https:\/\/eveilintime.fr\/index.php?rest_route=%2Fwp%2Fv2%2Fproduct_tag&post=259"}],"curies":[{"name":"wp","href":"https:\/\/api.w.org\/{rel}","templated":true}]}}