{"id":185,"date":"2025-09-24T17:48:42","date_gmt":"2025-09-24T17:48:42","guid":{"rendered":"https:\/\/eveilintime.fr\/?post_type=product&#038;p=185"},"modified":"2025-10-14T22:00:00","modified_gmt":"2025-10-14T22:00:00","slug":"vibromasseur-gonflable-satisfyer-air-pump-vibrator-1","status":"publish","type":"product","link":"https:\/\/eveilintime.fr\/?product=vibromasseur-gonflable-satisfyer-air-pump-vibrator-1","title":{"rendered":"Vibromasseur gonflable Satisfyer Air Pump Vibrator"},"content":{"rendered":"<p>Offrez-vous une stimulation personnalis\u00e9e avec le\u00a0<strong>Satisfyer Air Pump Vibrator 1<\/strong>, le sextoy innovant qui allie\u00a0<strong>vibrations intenses<\/strong>\u00a0et\u00a0<strong>gonflage progressif<\/strong>\u00a0pour vous faire atteindre des sommets de plaisir.<\/p>\n<p>\ud83d\udc9c\u00a0<strong>Tige gonflable<\/strong>\u00a0avec diam\u00e8tre ajustable (jusqu\u2019\u00e0 +15 mm) pour une sensation de remplissage sur mesure<br \/>\n\ud83d\udc9c\u00a0<strong>12 programmes de vibrations<\/strong>\u00a0puissants et rythm\u00e9s<br \/>\n\ud83d\udc9c\u00a0<strong>Design structur\u00e9<\/strong>\u00a0pour stimuler le point G avec pr\u00e9cision<br \/>\n\ud83d\udc9c\u00a0<strong>Utilisation ind\u00e9pendante des fonctions<\/strong>\u00a0: vibrations et gonflage s\u00e9par\u00e9s<br \/>\n\ud83d\udc9c\u00a0<strong>Anneau de retrait ergonomique<\/strong>\u00a0pour une prise en main facile et s\u00e9curis\u00e9e<br \/>\n\ud83d\udc9c\u00a0<strong>Surface ultra-douce<\/strong>\u00a0en silicone m\u00e9dical, respectueux du corps<br \/>\n\ud83d\udc9c\u00a0<strong>Mode silencieux<\/strong>\u00a0+\u00a0<strong>batterie rechargeable par c\u00e2ble magn\u00e9tique USB<\/strong><\/p>\n<p>Un sextoy r\u00e9volutionnaire, id\u00e9al pour celles qui aiment alterner douceur, pression interne et orgasme profond.<\/p>\n<p>Mati\u00e8res : Silicone et ABS<\/p>\n<p>Retrouvez nous sur facebook :<\/p>\n<p><a href=\"https:\/\/www.facebook.com\/profile.php?id=61580816765623&amp;locale=fr_FR\">https:\/\/www.facebook.com\/profile.php?id=61580816765623&amp;locale=fr_FR<\/a><\/p>\n<p>Retrouvez notre boutique \u00e9veil intime :<\/p>\n<p><a href=\"https:\/\/eveilintime.fr\/index.php\/shop\/\">https:\/\/eveilintime.fr\/index.php\/shop\/<\/a><\/p>\n","protected":false},"excerpt":{"rendered":"<p>Double stimulation : vibrations puissantes + tige gonflable pour un plaisir sur-mesure de votre distributeur Satisfyer,<\/p>\n<p>&nbsp;<\/p>\n<p><img decoding=\"async\" class=\"alignnone size-medium wp-image-150 aligncenter lazyload\" data-src=\"https:\/\/eveilintime.fr\/wp-content\/uploads\/2025\/09\/paiement-securise-garanti-300x76.png\" alt=\"Paiement s\u00e9curis\u00e9\" width=\"300\" height=\"76\" data-srcset=\"https:\/\/eveilintime.fr\/wp-content\/uploads\/2025\/09\/paiement-securise-garanti-300x76.png 300w, https:\/\/eveilintime.fr\/wp-content\/uploads\/2025\/09\/paiement-securise-garanti.png 446w\" data-sizes=\"(max-width: 300px) 100vw, 300px\" src=\"data:image\/svg+xml;base64,PHN2ZyB3aWR0aD0iMSIgaGVpZ2h0PSIxIiB4bWxucz0iaHR0cDovL3d3dy53My5vcmcvMjAwMC9zdmciPjwvc3ZnPg==\" style=\"--smush-placeholder-width: 300px; --smush-placeholder-aspect-ratio: 300\/76;\" \/><\/p>\n","protected":false},"featured_media":802,"comment_status":"open","ping_status":"closed","template":"","meta":[],"product_brand":[20],"product_cat":[36],"product_tag":[21],"class_list":{"0":"post-185","1":"product","2":"type-product","3":"status-publish","4":"has-post-thumbnail","6":"product_brand-satisfyer","7":"product_cat-vibromasseur","8":"product_tag-vibromasseur","10":"first","11":"instock","12":"taxable","13":"shipping-taxable","14":"purchasable","15":"product-type-simple"},"yoast_head":"<!-- This site is optimized with the Yoast SEO plugin v27.1.1 - https:\/\/yoast.com\/product\/yoast-seo-wordpress\/ -->\n<title>Vibromasseur gonflable Satisfyer Air Pump Vibrator - \u00c9veil Intime<\/title>\n<meta name=\"description\" content=\"Satisfyer Air Pump Vibrator 1, D\u00e9couvrez notre boutique en ligne: lingerie sexy, sextoys, accessoires intimes et bien plus. Livraison discr\u00e8te.\" \/>\n<meta name=\"robots\" content=\"index, follow, max-snippet:-1, max-image-preview:large, max-video-preview:-1\" \/>\n<link rel=\"canonical\" href=\"https:\/\/eveilintime.fr\/index.php\/produit\/vibromasseur-gonflable-satisfyer-air-pump-vibrator-1\/\" \/>\n<meta property=\"og:locale\" content=\"fr_FR\" \/>\n<meta property=\"og:type\" content=\"article\" \/>\n<meta property=\"og:title\" content=\"Vibromasseur gonflable Satisfyer Air Pump Vibrator - \u00c9veil Intime\" \/>\n<meta property=\"og:description\" content=\"Satisfyer Air Pump Vibrator 1, D\u00e9couvrez notre boutique en ligne: lingerie sexy, sextoys, accessoires intimes et bien plus. Livraison discr\u00e8te.\" \/>\n<meta property=\"og:url\" content=\"https:\/\/eveilintime.fr\/index.php\/produit\/vibromasseur-gonflable-satisfyer-air-pump-vibrator-1\/\" \/>\n<meta property=\"og:site_name\" content=\"\u00c9veil Intime\" \/>\n<meta property=\"article:modified_time\" content=\"2025-10-14T22:00:00+00:00\" \/>\n<meta property=\"og:image\" content=\"https:\/\/eveilintime.fr\/wp-content\/uploads\/2025\/09\/stimulateur-clitoridien-de-voyage-bold-kiss-satisfyer-cc597-9.png\" \/>\n\t<meta property=\"og:image:width\" content=\"800\" \/>\n\t<meta property=\"og:image:height\" content=\"800\" \/>\n\t<meta property=\"og:image:type\" content=\"image\/png\" \/>\n<meta name=\"twitter:card\" content=\"summary_large_image\" \/>\n<meta name=\"twitter:label1\" content=\"Dur\u00e9e de lecture estim\u00e9e\" \/>\n\t<meta name=\"twitter:data1\" content=\"1 minute\" \/>\n<script type=\"application\/ld+json\" class=\"yoast-schema-graph\">{\"@context\":\"https:\/\/schema.org\",\"@graph\":[{\"@type\":\"WebPage\",\"@id\":\"https:\/\/eveilintime.fr\/index.php\/produit\/vibromasseur-gonflable-satisfyer-air-pump-vibrator-1\/\",\"url\":\"https:\/\/eveilintime.fr\/index.php\/produit\/vibromasseur-gonflable-satisfyer-air-pump-vibrator-1\/\",\"name\":\"Vibromasseur gonflable Satisfyer Air Pump Vibrator - \u00c9veil Intime\",\"isPartOf\":{\"@id\":\"https:\/\/eveilintime.fr\/#website\"},\"primaryImageOfPage\":{\"@id\":\"https:\/\/eveilintime.fr\/index.php\/produit\/vibromasseur-gonflable-satisfyer-air-pump-vibrator-1\/#primaryimage\"},\"image\":{\"@id\":\"https:\/\/eveilintime.fr\/index.php\/produit\/vibromasseur-gonflable-satisfyer-air-pump-vibrator-1\/#primaryimage\"},\"thumbnailUrl\":\"https:\/\/eveilintime.fr\/wp-content\/uploads\/2025\/09\/stimulateur-clitoridien-de-voyage-bold-kiss-satisfyer-cc597-9.png\",\"datePublished\":\"2025-09-24T17:48:42+00:00\",\"dateModified\":\"2025-10-14T22:00:00+00:00\",\"description\":\"Satisfyer Air Pump Vibrator 1, D\u00e9couvrez notre boutique en ligne: lingerie sexy, sextoys, accessoires intimes et bien plus. Livraison discr\u00e8te.\",\"breadcrumb\":{\"@id\":\"https:\/\/eveilintime.fr\/index.php\/produit\/vibromasseur-gonflable-satisfyer-air-pump-vibrator-1\/#breadcrumb\"},\"inLanguage\":\"fr-FR\",\"potentialAction\":[{\"@type\":\"ReadAction\",\"target\":[\"https:\/\/eveilintime.fr\/index.php\/produit\/vibromasseur-gonflable-satisfyer-air-pump-vibrator-1\/\"]}]},{\"@type\":\"ImageObject\",\"inLanguage\":\"fr-FR\",\"@id\":\"https:\/\/eveilintime.fr\/index.php\/produit\/vibromasseur-gonflable-satisfyer-air-pump-vibrator-1\/#primaryimage\",\"url\":\"https:\/\/eveilintime.fr\/wp-content\/uploads\/2025\/09\/stimulateur-clitoridien-de-voyage-bold-kiss-satisfyer-cc597-9.png\",\"contentUrl\":\"https:\/\/eveilintime.fr\/wp-content\/uploads\/2025\/09\/stimulateur-clitoridien-de-voyage-bold-kiss-satisfyer-cc597-9.png\",\"width\":800,\"height\":800},{\"@type\":\"BreadcrumbList\",\"@id\":\"https:\/\/eveilintime.fr\/index.php\/produit\/vibromasseur-gonflable-satisfyer-air-pump-vibrator-1\/#breadcrumb\",\"itemListElement\":[{\"@type\":\"ListItem\",\"position\":1,\"name\":\"Accueil\",\"item\":\"https:\/\/eveilintime.fr\/\"},{\"@type\":\"ListItem\",\"position\":2,\"name\":\"Boutique\",\"item\":\"https:\/\/eveilintime.fr\/?page_id=8\"},{\"@type\":\"ListItem\",\"position\":3,\"name\":\"Vibromasseur gonflable Satisfyer Air Pump Vibrator\"}]},{\"@type\":\"WebSite\",\"@id\":\"https:\/\/eveilintime.fr\/#website\",\"url\":\"https:\/\/eveilintime.fr\/\",\"name\":\"\u00c9veilintime\",\"description\":\"Parce que l&#039;intime m\u00e9rite l&#039;\u00e9l\u00e9gance\",\"publisher\":{\"@id\":\"https:\/\/eveilintime.fr\/#organization\"},\"potentialAction\":[{\"@type\":\"SearchAction\",\"target\":{\"@type\":\"EntryPoint\",\"urlTemplate\":\"https:\/\/eveilintime.fr\/?s={search_term_string}\"},\"query-input\":{\"@type\":\"PropertyValueSpecification\",\"valueRequired\":true,\"valueName\":\"search_term_string\"}}],\"inLanguage\":\"fr-FR\"},{\"@type\":\"Organization\",\"@id\":\"https:\/\/eveilintime.fr\/#organization\",\"name\":\"\u00c9veilintime\",\"url\":\"https:\/\/eveilintime.fr\/\",\"logo\":{\"@type\":\"ImageObject\",\"inLanguage\":\"fr-FR\",\"@id\":\"https:\/\/eveilintime.fr\/#\/schema\/logo\/image\/\",\"url\":\"https:\/\/eveilintime.fr\/wp-content\/uploads\/2025\/09\/logo-Eveil-Intime.png\",\"contentUrl\":\"https:\/\/eveilintime.fr\/wp-content\/uploads\/2025\/09\/logo-Eveil-Intime.png\",\"width\":417,\"height\":160,\"caption\":\"\u00c9veilintime\"},\"image\":{\"@id\":\"https:\/\/eveilintime.fr\/#\/schema\/logo\/image\/\"}}]}<\/script>\n<!-- \/ Yoast SEO plugin. -->","yoast_head_json":{"title":"Vibromasseur gonflable Satisfyer Air Pump Vibrator - \u00c9veil Intime","description":"Satisfyer Air Pump Vibrator 1, D\u00e9couvrez notre boutique en ligne: lingerie sexy, sextoys, accessoires intimes et bien plus. Livraison discr\u00e8te.","robots":{"index":"index","follow":"follow","max-snippet":"max-snippet:-1","max-image-preview":"max-image-preview:large","max-video-preview":"max-video-preview:-1"},"canonical":"https:\/\/eveilintime.fr\/index.php\/produit\/vibromasseur-gonflable-satisfyer-air-pump-vibrator-1\/","og_locale":"fr_FR","og_type":"article","og_title":"Vibromasseur gonflable Satisfyer Air Pump Vibrator - \u00c9veil Intime","og_description":"Satisfyer Air Pump Vibrator 1, D\u00e9couvrez notre boutique en ligne: lingerie sexy, sextoys, accessoires intimes et bien plus. Livraison discr\u00e8te.","og_url":"https:\/\/eveilintime.fr\/index.php\/produit\/vibromasseur-gonflable-satisfyer-air-pump-vibrator-1\/","og_site_name":"\u00c9veil Intime","article_modified_time":"2025-10-14T22:00:00+00:00","og_image":[{"width":800,"height":800,"url":"https:\/\/eveilintime.fr\/wp-content\/uploads\/2025\/09\/stimulateur-clitoridien-de-voyage-bold-kiss-satisfyer-cc597-9.png","type":"image\/png"}],"twitter_card":"summary_large_image","twitter_misc":{"Dur\u00e9e de lecture estim\u00e9e":"1 minute"},"schema":{"@context":"https:\/\/schema.org","@graph":[{"@type":"WebPage","@id":"https:\/\/eveilintime.fr\/index.php\/produit\/vibromasseur-gonflable-satisfyer-air-pump-vibrator-1\/","url":"https:\/\/eveilintime.fr\/index.php\/produit\/vibromasseur-gonflable-satisfyer-air-pump-vibrator-1\/","name":"Vibromasseur gonflable Satisfyer Air Pump Vibrator - \u00c9veil Intime","isPartOf":{"@id":"https:\/\/eveilintime.fr\/#website"},"primaryImageOfPage":{"@id":"https:\/\/eveilintime.fr\/index.php\/produit\/vibromasseur-gonflable-satisfyer-air-pump-vibrator-1\/#primaryimage"},"image":{"@id":"https:\/\/eveilintime.fr\/index.php\/produit\/vibromasseur-gonflable-satisfyer-air-pump-vibrator-1\/#primaryimage"},"thumbnailUrl":"https:\/\/eveilintime.fr\/wp-content\/uploads\/2025\/09\/stimulateur-clitoridien-de-voyage-bold-kiss-satisfyer-cc597-9.png","datePublished":"2025-09-24T17:48:42+00:00","dateModified":"2025-10-14T22:00:00+00:00","description":"Satisfyer Air Pump Vibrator 1, D\u00e9couvrez notre boutique en ligne: lingerie sexy, sextoys, accessoires intimes et bien plus. Livraison discr\u00e8te.","breadcrumb":{"@id":"https:\/\/eveilintime.fr\/index.php\/produit\/vibromasseur-gonflable-satisfyer-air-pump-vibrator-1\/#breadcrumb"},"inLanguage":"fr-FR","potentialAction":[{"@type":"ReadAction","target":["https:\/\/eveilintime.fr\/index.php\/produit\/vibromasseur-gonflable-satisfyer-air-pump-vibrator-1\/"]}]},{"@type":"ImageObject","inLanguage":"fr-FR","@id":"https:\/\/eveilintime.fr\/index.php\/produit\/vibromasseur-gonflable-satisfyer-air-pump-vibrator-1\/#primaryimage","url":"https:\/\/eveilintime.fr\/wp-content\/uploads\/2025\/09\/stimulateur-clitoridien-de-voyage-bold-kiss-satisfyer-cc597-9.png","contentUrl":"https:\/\/eveilintime.fr\/wp-content\/uploads\/2025\/09\/stimulateur-clitoridien-de-voyage-bold-kiss-satisfyer-cc597-9.png","width":800,"height":800},{"@type":"BreadcrumbList","@id":"https:\/\/eveilintime.fr\/index.php\/produit\/vibromasseur-gonflable-satisfyer-air-pump-vibrator-1\/#breadcrumb","itemListElement":[{"@type":"ListItem","position":1,"name":"Accueil","item":"https:\/\/eveilintime.fr\/"},{"@type":"ListItem","position":2,"name":"Boutique","item":"https:\/\/eveilintime.fr\/?page_id=8"},{"@type":"ListItem","position":3,"name":"Vibromasseur gonflable Satisfyer Air Pump Vibrator"}]},{"@type":"WebSite","@id":"https:\/\/eveilintime.fr\/#website","url":"https:\/\/eveilintime.fr\/","name":"\u00c9veilintime","description":"Parce que l&#039;intime m\u00e9rite l&#039;\u00e9l\u00e9gance","publisher":{"@id":"https:\/\/eveilintime.fr\/#organization"},"potentialAction":[{"@type":"SearchAction","target":{"@type":"EntryPoint","urlTemplate":"https:\/\/eveilintime.fr\/?s={search_term_string}"},"query-input":{"@type":"PropertyValueSpecification","valueRequired":true,"valueName":"search_term_string"}}],"inLanguage":"fr-FR"},{"@type":"Organization","@id":"https:\/\/eveilintime.fr\/#organization","name":"\u00c9veilintime","url":"https:\/\/eveilintime.fr\/","logo":{"@type":"ImageObject","inLanguage":"fr-FR","@id":"https:\/\/eveilintime.fr\/#\/schema\/logo\/image\/","url":"https:\/\/eveilintime.fr\/wp-content\/uploads\/2025\/09\/logo-Eveil-Intime.png","contentUrl":"https:\/\/eveilintime.fr\/wp-content\/uploads\/2025\/09\/logo-Eveil-Intime.png","width":417,"height":160,"caption":"\u00c9veilintime"},"image":{"@id":"https:\/\/eveilintime.fr\/#\/schema\/logo\/image\/"}}]}},"jetpack_sharing_enabled":true,"_links":{"self":[{"href":"https:\/\/eveilintime.fr\/index.php?rest_route=\/wp\/v2\/product\/185","targetHints":{"allow":["GET"]}}],"collection":[{"href":"https:\/\/eveilintime.fr\/index.php?rest_route=\/wp\/v2\/product"}],"about":[{"href":"https:\/\/eveilintime.fr\/index.php?rest_route=\/wp\/v2\/types\/product"}],"replies":[{"embeddable":true,"href":"https:\/\/eveilintime.fr\/index.php?rest_route=%2Fwp%2Fv2%2Fcomments&post=185"}],"version-history":[{"count":6,"href":"https:\/\/eveilintime.fr\/index.php?rest_route=\/wp\/v2\/product\/185\/revisions"}],"predecessor-version":[{"id":1662,"href":"https:\/\/eveilintime.fr\/index.php?rest_route=\/wp\/v2\/product\/185\/revisions\/1662"}],"wp:featuredmedia":[{"embeddable":true,"href":"https:\/\/eveilintime.fr\/index.php?rest_route=\/wp\/v2\/media\/802"}],"wp:attachment":[{"href":"https:\/\/eveilintime.fr\/index.php?rest_route=%2Fwp%2Fv2%2Fmedia&parent=185"}],"wp:term":[{"taxonomy":"product_brand","embeddable":true,"href":"https:\/\/eveilintime.fr\/index.php?rest_route=%2Fwp%2Fv2%2Fproduct_brand&post=185"},{"taxonomy":"product_cat","embeddable":true,"href":"https:\/\/eveilintime.fr\/index.php?rest_route=%2Fwp%2Fv2%2Fproduct_cat&post=185"},{"taxonomy":"product_tag","embeddable":true,"href":"https:\/\/eveilintime.fr\/index.php?rest_route=%2Fwp%2Fv2%2Fproduct_tag&post=185"}],"curies":[{"name":"wp","href":"https:\/\/api.w.org\/{rel}","templated":true}]}}