{"id":1059,"date":"2025-10-02T22:41:46","date_gmt":"2025-10-02T22:41:46","guid":{"rendered":"https:\/\/eveilintime.fr\/?post_type=product&#038;p=1059"},"modified":"2025-10-02T22:41:46","modified_gmt":"2025-10-02T22:41:46","slug":"coffret-de-geisha-vin-petillant-a-la-fraise","status":"publish","type":"product","link":"https:\/\/eveilintime.fr\/?product=coffret-de-geisha-vin-petillant-a-la-fraise","title":{"rendered":"Coffret de Geisha vin p\u00e9tillant \u00e0 la fraise"},"content":{"rendered":"<p>Id\u00e9al pour un cadeau sensuel, ce coffret sensuel comprend le n\u00e9cessaire pour passer des soir\u00e9es romantiques.<\/p>\n<p>\u2022 Bougie de massage Fraise vin p\u00e9tillant &#8211; 30 ml<\/p>\n<p>\u2022 Huile Aphrodisiaque chauffante Fraise vin p\u00e9tillant &#8211; 10 ml<\/p>\n<p>\u2022 Huile de massage \u00e9rotique Fraise Vin p\u00e9tillant &#8211; 10 ml<\/p>\n<p>\u2022 Toko lubrifiant Aqua &#8211; 10 ml<\/p>\n<p>\u2022 dragon intensifiant la cr\u00e8me pour les amoureux &#8211; 10 ml<\/p>\n<p><span id=\"result_box\" lang=\"fr\" xml:lang=\"fr\">Cet ensemble d\u00e9couverte de\u00a05 pi\u00e8ces contient des produits de bien-\u00eatre d\u00e9licieux au parfum de Vin p\u00e9tillant \u00e0 la fraise.<br \/>\n<\/span><\/p>\n<p><span lang=\"fr\" xml:lang=\"fr\">Id\u00e9al pour les escapades amoureuses, cet ensemble de petits formats contient tous les secrets pour enflamer vos moments de sensualit\u00e9.<\/span><\/p>\n<p>La bougie de massage cr\u00e9e une atmosph\u00e8re chaleureuse\u00a0et vous permet de faire un massage chaud.<\/p>\n<p><span lang=\"fr\" xml:lang=\"fr\">L&rsquo;huile\u00a0chauffante pour baisers intimes stimulera vos parties \u00e9rog\u00e8nes.<\/p>\n<p>Utilisez une cr\u00e8me stimulante pour \u00e9veiller votre sensibilit\u00e9 \u00e0 l&rsquo;orgasme ou utiliser le lubrifiant pour prolonger vos plaisirs.<\/span><\/p>\n<p><span lang=\"fr\" xml:lang=\"fr\">D\u00e9cor\u00e9 avec go\u00fbt ce coffret sera\u00a0une surprise r\u00e9ussie.<\/p>\n<p>COMPOSITION : BOUGIE DE MASSAGE : Ingredients (I.N.C.I.): Hydrogenated Soybean Oil\/Huile de soja hydrog\u00e9n\u00e9e, Coconut Oil\/Huile de noix de coco (Cocos nucifera oil), Fragrance (Parfum), Sweet Almond Oil\/Huile d\u2019amande douce (Prunus amygdalus dulcis oil), Safflower Oil\/Huile de carthame (Carthamus tinctorius oil), Avocado Oil\/Huile d\u2019avocat (Persea gratissima oil), Sesame Oil\/Huile de s\u00e9same (Sesamun indicum oil), Grape Seed Oil\/Huile de p\u00e9pin de raisin (Vitis vinifera seed oil), Vitamin\/Vitamine E (Tocopherol), Benzyl Alcohol, Cinnamyl Alcohol, Citral, Eugenol, Isoeugenol, Benzyl Salicylate, Cinnamal, Coumarin, D-Limonene, Geraniol, Benzyl Cinnamate, Lilial, Linalool, Benzyl Benzoate, Alpha Isomethyl Ionone. HUILE CHAUFFANTE FRAISE VIN PETILLANT : Ingredients (I.N.C.I.): Glycerin USP\/Glyc\u00e9rine USP, Propylene glycol, Flavor\/Saveur (Aroma), Sodium Saccharin, D&amp;C Red\/Rouge #33 (CI 17200), FD&amp;C Red\/Rouge #40 (CI 16035). HUILE DE MASSAGE FRAISE VIN PETILLANT : Ingredients (I.N.C.I.): Sweet Almond Oil\/Huile d\u2019amande douce (Prunus Amygdalus Dulcis Oil), Grape Seed Oil\/Huile de p\u00e9pin de raisin (Vitis Vinifera Seed Oil), Sesame Oil\/Huile de s\u00e9same (Sesamum Indicum Oil), Avocado Oil\/Huile d\u2019avocat (Persea Gratissima Oil), Safflower Oil\/Huile de carthame (Carthamus Tinctorius Oil), Vitamin\/Vitamine E (Tocopherol), Fragrance (Parfum), Amyl Cinnamal, Benzyl Alcohol, Citral, Eugenol, Methyl Eugenol, Benzyl Salicylate, Coumarin, Limonene, Geraniol, Farnesol, Lilial, Linalool, Benzyl Benzoate, Citronellol, Hexyl Cinnamal, Alpha -Isomethyl Ionone. LUBRIFIANT A BASE D&rsquo;EAU : Ingredients (INCI): Water\/Eau (Aqua), Glycerin\/Glyc\u00e9rine, Propylene Glycol, Polyquaternium-7. CREME DRAGON INTENSIFIANTE : Ingredients (INCI): Water\/Eau (Aqua), Glycerin\/Glyc\u00e9rine, Hydrogenated Polyisobutene (And) Ethylene\/Propylene\/<br \/>\nStyrene Copolymer , (And) Butylene \/ Ethylene \/ Styrene Copolymer, Propylene Glycol, Safflower Oil\/Huile de\u00a0carthame (Carthamus Tinctorius Oil), Polyquaternium-7, Caprylic\/Capric Triglyceride, Sweet Almond Oil\/Huile\u00a0d\u2019amande douce (Prunus Dulcis Oil), Menthyl Lactate, Grape Seed Oil\/Huile de p\u00e9pin de raisin (Vitis Vinifera Oil),<br \/>\nSesame Oil\/Huile de sesame (Sesamum Indicum Oil), Avocado Oil\/Huile d\u2019avocat (Persa Americana Oil), Flavor\/Saveur (Aroma), Decaglycerol Decaoleate, Hydroxyethyl Cellulose, Acrylates\/C10-30 Alkylacrylate Crosspolymer,\u00a0Decaglycerol Oleate, L-Arginine, Carbomer, Proprietary Extract Blend of\/M\u00e9lange propri\u00e9taire (Maca,\u00a0Epimedium, Damiane, Tribulus), Sucralose, Vitamin\/Vitamine E (Tocopherol), Vanillyl Butyl Ether, Capsicum\u00a0OR, Benzyl Alcohol.<\/p>\n<p><\/span><\/p>\n","protected":false},"excerpt":{"rendered":"<p>&nbsp;<\/p>\n<p style=\"text-align: center;\"><img decoding=\"async\" class=\"alignnone size-medium wp-image-150 lazyload\" data-src=\"https:\/\/eveilintime.fr\/wp-content\/uploads\/2025\/09\/paiement-securise-garanti-300x76.png\" alt=\"Paiement s\u00e9curis\u00e9\" width=\"300\" height=\"76\" data-srcset=\"https:\/\/eveilintime.fr\/wp-content\/uploads\/2025\/09\/paiement-securise-garanti-300x76.png 300w, https:\/\/eveilintime.fr\/wp-content\/uploads\/2025\/09\/paiement-securise-garanti.png 446w\" data-sizes=\"(max-width: 300px) 100vw, 300px\" src=\"data:image\/svg+xml;base64,PHN2ZyB3aWR0aD0iMSIgaGVpZ2h0PSIxIiB4bWxucz0iaHR0cDovL3d3dy53My5vcmcvMjAwMC9zdmciPjwvc3ZnPg==\" style=\"--smush-placeholder-width: 300px; --smush-placeholder-aspect-ratio: 300\/76;\" \/><\/p>\n","protected":false},"featured_media":1061,"comment_status":"open","ping_status":"closed","template":"","meta":[],"product_brand":[41],"product_cat":[62],"product_tag":[68,63],"class_list":{"0":"post-1059","1":"product","2":"type-product","3":"status-publish","4":"has-post-thumbnail","6":"product_brand-shunga","7":"product_cat-huile-de-massage","8":"product_tag-bougie","9":"product_tag-huile","11":"first","12":"instock","13":"taxable","14":"shipping-taxable","15":"purchasable","16":"product-type-simple"},"yoast_head":"<!-- This site is optimized with the Yoast SEO plugin v27.1.1 - https:\/\/yoast.com\/product\/yoast-seo-wordpress\/ -->\n<title>Coffret de Geisha vin p\u00e9tillant \u00e0 la fraise - \u00c9veil Intime<\/title>\n<meta name=\"description\" content=\"Sexshop en ligne discret et s\u00e9curis\u00e9 : sextoys, lingerie et accessoires intimes livr\u00e9s rapidement et en toute confidentialit\u00e9.\" \/>\n<meta name=\"robots\" content=\"index, follow, max-snippet:-1, max-image-preview:large, max-video-preview:-1\" \/>\n<link rel=\"canonical\" href=\"https:\/\/eveilintime.fr\/index.php\/produit\/coffret-de-geisha-vin-petillant-a-la-fraise\/\" \/>\n<meta property=\"og:locale\" content=\"fr_FR\" \/>\n<meta property=\"og:type\" content=\"article\" \/>\n<meta property=\"og:title\" content=\"Coffret de Geisha vin p\u00e9tillant \u00e0 la fraise - \u00c9veil Intime\" \/>\n<meta property=\"og:description\" content=\"Sexshop en ligne discret et s\u00e9curis\u00e9 : sextoys, lingerie et accessoires intimes livr\u00e9s rapidement et en toute confidentialit\u00e9.\" \/>\n<meta property=\"og:url\" content=\"https:\/\/eveilintime.fr\/index.php\/produit\/coffret-de-geisha-vin-petillant-a-la-fraise\/\" \/>\n<meta property=\"og:site_name\" content=\"\u00c9veil Intime\" \/>\n<meta property=\"og:image\" content=\"https:\/\/eveilintime.fr\/wp-content\/uploads\/2025\/10\/coffret-de-geisha-vin-petillant-a-la-fraise.jpg\" \/>\n\t<meta property=\"og:image:width\" content=\"492\" \/>\n\t<meta property=\"og:image:height\" content=\"653\" \/>\n\t<meta property=\"og:image:type\" content=\"image\/jpeg\" \/>\n<meta name=\"twitter:card\" content=\"summary_large_image\" \/>\n<meta name=\"twitter:label1\" content=\"Dur\u00e9e de lecture estim\u00e9e\" \/>\n\t<meta name=\"twitter:data1\" content=\"3 minutes\" \/>\n<script type=\"application\/ld+json\" class=\"yoast-schema-graph\">{\"@context\":\"https:\/\/schema.org\",\"@graph\":[{\"@type\":\"WebPage\",\"@id\":\"https:\/\/eveilintime.fr\/index.php\/produit\/coffret-de-geisha-vin-petillant-a-la-fraise\/\",\"url\":\"https:\/\/eveilintime.fr\/index.php\/produit\/coffret-de-geisha-vin-petillant-a-la-fraise\/\",\"name\":\"Coffret de Geisha vin p\u00e9tillant \u00e0 la fraise - \u00c9veil Intime\",\"isPartOf\":{\"@id\":\"https:\/\/eveilintime.fr\/#website\"},\"primaryImageOfPage\":{\"@id\":\"https:\/\/eveilintime.fr\/index.php\/produit\/coffret-de-geisha-vin-petillant-a-la-fraise\/#primaryimage\"},\"image\":{\"@id\":\"https:\/\/eveilintime.fr\/index.php\/produit\/coffret-de-geisha-vin-petillant-a-la-fraise\/#primaryimage\"},\"thumbnailUrl\":\"https:\/\/eveilintime.fr\/wp-content\/uploads\/2025\/10\/coffret-de-geisha-vin-petillant-a-la-fraise.jpg\",\"datePublished\":\"2025-10-02T22:41:46+00:00\",\"description\":\"Sexshop en ligne discret et s\u00e9curis\u00e9 : sextoys, lingerie et accessoires intimes livr\u00e9s rapidement et en toute confidentialit\u00e9.\",\"breadcrumb\":{\"@id\":\"https:\/\/eveilintime.fr\/index.php\/produit\/coffret-de-geisha-vin-petillant-a-la-fraise\/#breadcrumb\"},\"inLanguage\":\"fr-FR\",\"potentialAction\":[{\"@type\":\"ReadAction\",\"target\":[\"https:\/\/eveilintime.fr\/index.php\/produit\/coffret-de-geisha-vin-petillant-a-la-fraise\/\"]}]},{\"@type\":\"ImageObject\",\"inLanguage\":\"fr-FR\",\"@id\":\"https:\/\/eveilintime.fr\/index.php\/produit\/coffret-de-geisha-vin-petillant-a-la-fraise\/#primaryimage\",\"url\":\"https:\/\/eveilintime.fr\/wp-content\/uploads\/2025\/10\/coffret-de-geisha-vin-petillant-a-la-fraise.jpg\",\"contentUrl\":\"https:\/\/eveilintime.fr\/wp-content\/uploads\/2025\/10\/coffret-de-geisha-vin-petillant-a-la-fraise.jpg\",\"width\":492,\"height\":653},{\"@type\":\"BreadcrumbList\",\"@id\":\"https:\/\/eveilintime.fr\/index.php\/produit\/coffret-de-geisha-vin-petillant-a-la-fraise\/#breadcrumb\",\"itemListElement\":[{\"@type\":\"ListItem\",\"position\":1,\"name\":\"Accueil\",\"item\":\"https:\/\/eveilintime.fr\/\"},{\"@type\":\"ListItem\",\"position\":2,\"name\":\"Boutique\",\"item\":\"https:\/\/eveilintime.fr\/?page_id=8\"},{\"@type\":\"ListItem\",\"position\":3,\"name\":\"Coffret de Geisha vin p\u00e9tillant \u00e0 la fraise\"}]},{\"@type\":\"WebSite\",\"@id\":\"https:\/\/eveilintime.fr\/#website\",\"url\":\"https:\/\/eveilintime.fr\/\",\"name\":\"\u00c9veilintime\",\"description\":\"Parce que l&#039;intime m\u00e9rite l&#039;\u00e9l\u00e9gance\",\"publisher\":{\"@id\":\"https:\/\/eveilintime.fr\/#organization\"},\"potentialAction\":[{\"@type\":\"SearchAction\",\"target\":{\"@type\":\"EntryPoint\",\"urlTemplate\":\"https:\/\/eveilintime.fr\/?s={search_term_string}\"},\"query-input\":{\"@type\":\"PropertyValueSpecification\",\"valueRequired\":true,\"valueName\":\"search_term_string\"}}],\"inLanguage\":\"fr-FR\"},{\"@type\":\"Organization\",\"@id\":\"https:\/\/eveilintime.fr\/#organization\",\"name\":\"\u00c9veilintime\",\"url\":\"https:\/\/eveilintime.fr\/\",\"logo\":{\"@type\":\"ImageObject\",\"inLanguage\":\"fr-FR\",\"@id\":\"https:\/\/eveilintime.fr\/#\/schema\/logo\/image\/\",\"url\":\"https:\/\/eveilintime.fr\/wp-content\/uploads\/2025\/09\/logo-Eveil-Intime.png\",\"contentUrl\":\"https:\/\/eveilintime.fr\/wp-content\/uploads\/2025\/09\/logo-Eveil-Intime.png\",\"width\":417,\"height\":160,\"caption\":\"\u00c9veilintime\"},\"image\":{\"@id\":\"https:\/\/eveilintime.fr\/#\/schema\/logo\/image\/\"}}]}<\/script>\n<!-- \/ Yoast SEO plugin. -->","yoast_head_json":{"title":"Coffret de Geisha vin p\u00e9tillant \u00e0 la fraise - \u00c9veil Intime","description":"Sexshop en ligne discret et s\u00e9curis\u00e9 : sextoys, lingerie et accessoires intimes livr\u00e9s rapidement et en toute confidentialit\u00e9.","robots":{"index":"index","follow":"follow","max-snippet":"max-snippet:-1","max-image-preview":"max-image-preview:large","max-video-preview":"max-video-preview:-1"},"canonical":"https:\/\/eveilintime.fr\/index.php\/produit\/coffret-de-geisha-vin-petillant-a-la-fraise\/","og_locale":"fr_FR","og_type":"article","og_title":"Coffret de Geisha vin p\u00e9tillant \u00e0 la fraise - \u00c9veil Intime","og_description":"Sexshop en ligne discret et s\u00e9curis\u00e9 : sextoys, lingerie et accessoires intimes livr\u00e9s rapidement et en toute confidentialit\u00e9.","og_url":"https:\/\/eveilintime.fr\/index.php\/produit\/coffret-de-geisha-vin-petillant-a-la-fraise\/","og_site_name":"\u00c9veil Intime","og_image":[{"width":492,"height":653,"url":"https:\/\/eveilintime.fr\/wp-content\/uploads\/2025\/10\/coffret-de-geisha-vin-petillant-a-la-fraise.jpg","type":"image\/jpeg"}],"twitter_card":"summary_large_image","twitter_misc":{"Dur\u00e9e de lecture estim\u00e9e":"3 minutes"},"schema":{"@context":"https:\/\/schema.org","@graph":[{"@type":"WebPage","@id":"https:\/\/eveilintime.fr\/index.php\/produit\/coffret-de-geisha-vin-petillant-a-la-fraise\/","url":"https:\/\/eveilintime.fr\/index.php\/produit\/coffret-de-geisha-vin-petillant-a-la-fraise\/","name":"Coffret de Geisha vin p\u00e9tillant \u00e0 la fraise - \u00c9veil Intime","isPartOf":{"@id":"https:\/\/eveilintime.fr\/#website"},"primaryImageOfPage":{"@id":"https:\/\/eveilintime.fr\/index.php\/produit\/coffret-de-geisha-vin-petillant-a-la-fraise\/#primaryimage"},"image":{"@id":"https:\/\/eveilintime.fr\/index.php\/produit\/coffret-de-geisha-vin-petillant-a-la-fraise\/#primaryimage"},"thumbnailUrl":"https:\/\/eveilintime.fr\/wp-content\/uploads\/2025\/10\/coffret-de-geisha-vin-petillant-a-la-fraise.jpg","datePublished":"2025-10-02T22:41:46+00:00","description":"Sexshop en ligne discret et s\u00e9curis\u00e9 : sextoys, lingerie et accessoires intimes livr\u00e9s rapidement et en toute confidentialit\u00e9.","breadcrumb":{"@id":"https:\/\/eveilintime.fr\/index.php\/produit\/coffret-de-geisha-vin-petillant-a-la-fraise\/#breadcrumb"},"inLanguage":"fr-FR","potentialAction":[{"@type":"ReadAction","target":["https:\/\/eveilintime.fr\/index.php\/produit\/coffret-de-geisha-vin-petillant-a-la-fraise\/"]}]},{"@type":"ImageObject","inLanguage":"fr-FR","@id":"https:\/\/eveilintime.fr\/index.php\/produit\/coffret-de-geisha-vin-petillant-a-la-fraise\/#primaryimage","url":"https:\/\/eveilintime.fr\/wp-content\/uploads\/2025\/10\/coffret-de-geisha-vin-petillant-a-la-fraise.jpg","contentUrl":"https:\/\/eveilintime.fr\/wp-content\/uploads\/2025\/10\/coffret-de-geisha-vin-petillant-a-la-fraise.jpg","width":492,"height":653},{"@type":"BreadcrumbList","@id":"https:\/\/eveilintime.fr\/index.php\/produit\/coffret-de-geisha-vin-petillant-a-la-fraise\/#breadcrumb","itemListElement":[{"@type":"ListItem","position":1,"name":"Accueil","item":"https:\/\/eveilintime.fr\/"},{"@type":"ListItem","position":2,"name":"Boutique","item":"https:\/\/eveilintime.fr\/?page_id=8"},{"@type":"ListItem","position":3,"name":"Coffret de Geisha vin p\u00e9tillant \u00e0 la fraise"}]},{"@type":"WebSite","@id":"https:\/\/eveilintime.fr\/#website","url":"https:\/\/eveilintime.fr\/","name":"\u00c9veilintime","description":"Parce que l&#039;intime m\u00e9rite l&#039;\u00e9l\u00e9gance","publisher":{"@id":"https:\/\/eveilintime.fr\/#organization"},"potentialAction":[{"@type":"SearchAction","target":{"@type":"EntryPoint","urlTemplate":"https:\/\/eveilintime.fr\/?s={search_term_string}"},"query-input":{"@type":"PropertyValueSpecification","valueRequired":true,"valueName":"search_term_string"}}],"inLanguage":"fr-FR"},{"@type":"Organization","@id":"https:\/\/eveilintime.fr\/#organization","name":"\u00c9veilintime","url":"https:\/\/eveilintime.fr\/","logo":{"@type":"ImageObject","inLanguage":"fr-FR","@id":"https:\/\/eveilintime.fr\/#\/schema\/logo\/image\/","url":"https:\/\/eveilintime.fr\/wp-content\/uploads\/2025\/09\/logo-Eveil-Intime.png","contentUrl":"https:\/\/eveilintime.fr\/wp-content\/uploads\/2025\/09\/logo-Eveil-Intime.png","width":417,"height":160,"caption":"\u00c9veilintime"},"image":{"@id":"https:\/\/eveilintime.fr\/#\/schema\/logo\/image\/"}}]}},"jetpack_sharing_enabled":true,"_links":{"self":[{"href":"https:\/\/eveilintime.fr\/index.php?rest_route=\/wp\/v2\/product\/1059","targetHints":{"allow":["GET"]}}],"collection":[{"href":"https:\/\/eveilintime.fr\/index.php?rest_route=\/wp\/v2\/product"}],"about":[{"href":"https:\/\/eveilintime.fr\/index.php?rest_route=\/wp\/v2\/types\/product"}],"replies":[{"embeddable":true,"href":"https:\/\/eveilintime.fr\/index.php?rest_route=%2Fwp%2Fv2%2Fcomments&post=1059"}],"version-history":[{"count":1,"href":"https:\/\/eveilintime.fr\/index.php?rest_route=\/wp\/v2\/product\/1059\/revisions"}],"predecessor-version":[{"id":1062,"href":"https:\/\/eveilintime.fr\/index.php?rest_route=\/wp\/v2\/product\/1059\/revisions\/1062"}],"wp:featuredmedia":[{"embeddable":true,"href":"https:\/\/eveilintime.fr\/index.php?rest_route=\/wp\/v2\/media\/1061"}],"wp:attachment":[{"href":"https:\/\/eveilintime.fr\/index.php?rest_route=%2Fwp%2Fv2%2Fmedia&parent=1059"}],"wp:term":[{"taxonomy":"product_brand","embeddable":true,"href":"https:\/\/eveilintime.fr\/index.php?rest_route=%2Fwp%2Fv2%2Fproduct_brand&post=1059"},{"taxonomy":"product_cat","embeddable":true,"href":"https:\/\/eveilintime.fr\/index.php?rest_route=%2Fwp%2Fv2%2Fproduct_cat&post=1059"},{"taxonomy":"product_tag","embeddable":true,"href":"https:\/\/eveilintime.fr\/index.php?rest_route=%2Fwp%2Fv2%2Fproduct_tag&post=1059"}],"curies":[{"name":"wp","href":"https:\/\/api.w.org\/{rel}","templated":true}]}}